{"id":6141,"date":"2023-11-08T17:13:29","date_gmt":"2023-11-08T16:13:29","guid":{"rendered":"https:\/\/iam.tugraz.at\/main-website\/?page_id=6141"},"modified":"2023-11-08T17:28:30","modified_gmt":"2023-11-08T16:28:30","slug":"onlinetest-lasercutter","status":"publish","type":"page","link":"https:\/\/iam.tugraz.at\/main-website\/onlinetest-lasercutter\/","title":{"rendered":"OnlineTEST Lasercutter"},"content":{"rendered":"<p><strong>ONLINE TEST zur Ben\u00fctzung der Lasercut<\/strong>ter<\/p>\n<p>Die Lasercutter am Institut f\u00fcr Architektur und Medien d\u00fcrfen nur nach <strong>bestandenem Online Test<\/strong> UND <strong>pers\u00f6nlicher Einschulung<\/strong> ben\u00fctzt werden. Zur Vorbereitung auf den Test und die Einschulung gibt es Einschulungsvideos!<\/p>\n<ol>\n<li>Zum Test kommen Sie hier <a href=\"https:\/\/tc.tugraz.at\/main\/mod\/quiz\/view.php?id=392150\" target=\"_blank\" rel=\"noopener\">[x].<\/a><\/li>\n<li>Die Einschulungstermine finden Sie hier [<a href=\"https:\/\/iam.tugraz.at\/main-website\/einschulungstermine\/\">x<\/a>].<\/li>\n<li>Die Einschulungsvideos finden Sie hier [<a href=\"https:\/\/iam.tugraz.at\/main-website\/lasercutter-videos\/\">x<\/a>].<\/li>\n<\/ol>\n","protected":false},"excerpt":{"rendered":"<p>ONLINE TEST zur Ben\u00fctzung der Lasercutter Die Lasercutter am Institut f\u00fcr Architektur und Medien d\u00fcrfen nur nach bestandenem Online Test UND pers\u00f6nlicher Einschulung ben\u00fctzt werden. Zur Vorbereitung auf den Test und die Einschulung gibt es Einschulungsvideos! Zum Test kommen Sie hier [x]. Die Einschulungstermine finden Sie hier [x]. Die Einschulungsvideos finden Sie hier [x].<\/p>\n","protected":false},"author":2,"featured_media":0,"parent":0,"menu_order":0,"comment_status":"closed","ping_status":"closed","template":"","meta":{"_acf_changed":false,"footnotes":""},"class_list":["post-6141","page","type-page","status-publish","hentry"],"acf":[],"yoast_head":"<!-- This site is optimized with the Yoast SEO plugin v27.5 - https:\/\/yoast.com\/product\/yoast-seo-wordpress\/ -->\n<title>OnlineTEST Lasercutter - IAM Webseite<\/title>\n<meta name=\"robots\" content=\"index, follow, max-snippet:-1, max-image-preview:large, max-video-preview:-1\" \/>\n<link rel=\"canonical\" href=\"https:\/\/iam.tugraz.at\/main-website\/onlinetest-lasercutter\/\" \/>\n<meta property=\"og:locale\" content=\"de_DE\" \/>\n<meta property=\"og:type\" content=\"article\" \/>\n<meta property=\"og:title\" content=\"OnlineTEST Lasercutter - IAM Webseite\" \/>\n<meta property=\"og:description\" content=\"ONLINE TEST zur Ben\u00fctzung der Lasercutter Die Lasercutter am Institut f\u00fcr Architektur und Medien d\u00fcrfen nur nach bestandenem Online Test UND pers\u00f6nlicher Einschulung ben\u00fctzt werden. Zur Vorbereitung auf den Test und die Einschulung gibt es Einschulungsvideos! Zum Test kommen Sie hier [x]. Die Einschulungstermine finden Sie hier [x]. Die Einschulungsvideos finden Sie hier [x].\" \/>\n<meta property=\"og:url\" content=\"https:\/\/iam.tugraz.at\/main-website\/onlinetest-lasercutter\/\" \/>\n<meta property=\"og:site_name\" content=\"IAM Webseite\" \/>\n<meta property=\"article:publisher\" content=\"https:\/\/www.instagram.com\/iam_tugraz\/\" \/>\n<meta property=\"article:modified_time\" content=\"2023-11-08T16:28:30+00:00\" \/>\n<meta name=\"twitter:card\" content=\"summary_large_image\" \/>\n<script type=\"application\/ld+json\" class=\"yoast-schema-graph\">{\"@context\":\"https:\\\/\\\/schema.org\",\"@graph\":[{\"@type\":\"WebPage\",\"@id\":\"https:\\\/\\\/iam.tugraz.at\\\/main-website\\\/onlinetest-lasercutter\\\/\",\"url\":\"https:\\\/\\\/iam.tugraz.at\\\/main-website\\\/onlinetest-lasercutter\\\/\",\"name\":\"OnlineTEST Lasercutter - IAM Webseite\",\"isPartOf\":{\"@id\":\"https:\\\/\\\/iam.tugraz.at\\\/main-website\\\/#website\"},\"datePublished\":\"2023-11-08T16:13:29+00:00\",\"dateModified\":\"2023-11-08T16:28:30+00:00\",\"breadcrumb\":{\"@id\":\"https:\\\/\\\/iam.tugraz.at\\\/main-website\\\/onlinetest-lasercutter\\\/#breadcrumb\"},\"inLanguage\":\"de\",\"potentialAction\":[{\"@type\":\"ReadAction\",\"target\":[\"https:\\\/\\\/iam.tugraz.at\\\/main-website\\\/onlinetest-lasercutter\\\/\"]}]},{\"@type\":\"BreadcrumbList\",\"@id\":\"https:\\\/\\\/iam.tugraz.at\\\/main-website\\\/onlinetest-lasercutter\\\/#breadcrumb\",\"itemListElement\":[{\"@type\":\"ListItem\",\"position\":1,\"name\":\"Home\",\"item\":\"https:\\\/\\\/iam.tugraz.at\\\/main-website\\\/\"},{\"@type\":\"ListItem\",\"position\":2,\"name\":\"OnlineTEST Lasercutter\"}]},{\"@type\":\"WebSite\",\"@id\":\"https:\\\/\\\/iam.tugraz.at\\\/main-website\\\/#website\",\"url\":\"https:\\\/\\\/iam.tugraz.at\\\/main-website\\\/\",\"name\":\"IAM Webseite\",\"description\":\"Website des TU Graz Instituts f\u00fcr Architektur und Medien\",\"publisher\":{\"@id\":\"https:\\\/\\\/iam.tugraz.at\\\/main-website\\\/#organization\"},\"potentialAction\":[{\"@type\":\"SearchAction\",\"target\":{\"@type\":\"EntryPoint\",\"urlTemplate\":\"https:\\\/\\\/iam.tugraz.at\\\/main-website\\\/?s={search_term_string}\"},\"query-input\":{\"@type\":\"PropertyValueSpecification\",\"valueRequired\":true,\"valueName\":\"search_term_string\"}}],\"inLanguage\":\"de\"},{\"@type\":\"Organization\",\"@id\":\"https:\\\/\\\/iam.tugraz.at\\\/main-website\\\/#organization\",\"name\":\"Graz University of Technology, Institute of Architecture and Media\",\"url\":\"https:\\\/\\\/iam.tugraz.at\\\/main-website\\\/\",\"logo\":{\"@type\":\"ImageObject\",\"inLanguage\":\"de\",\"@id\":\"https:\\\/\\\/iam.tugraz.at\\\/main-website\\\/#\\\/schema\\\/logo\\\/image\\\/\",\"url\":\"https:\\\/\\\/iam.tugraz.at\\\/main-website\\\/wp-content\\\/uploads\\\/2026\\\/03\\\/IAM-Logo.png\",\"contentUrl\":\"https:\\\/\\\/iam.tugraz.at\\\/main-website\\\/wp-content\\\/uploads\\\/2026\\\/03\\\/IAM-Logo.png\",\"width\":2484,\"height\":2484,\"caption\":\"Graz University of Technology, Institute of Architecture and Media\"},\"image\":{\"@id\":\"https:\\\/\\\/iam.tugraz.at\\\/main-website\\\/#\\\/schema\\\/logo\\\/image\\\/\"},\"sameAs\":[\"https:\\\/\\\/www.instagram.com\\\/iam_tugraz\\\/\"]}]}<\/script>\n<!-- \/ Yoast SEO plugin. -->","yoast_head_json":{"title":"OnlineTEST Lasercutter - IAM Webseite","robots":{"index":"index","follow":"follow","max-snippet":"max-snippet:-1","max-image-preview":"max-image-preview:large","max-video-preview":"max-video-preview:-1"},"canonical":"https:\/\/iam.tugraz.at\/main-website\/onlinetest-lasercutter\/","og_locale":"de_DE","og_type":"article","og_title":"OnlineTEST Lasercutter - IAM Webseite","og_description":"ONLINE TEST zur Ben\u00fctzung der Lasercutter Die Lasercutter am Institut f\u00fcr Architektur und Medien d\u00fcrfen nur nach bestandenem Online Test UND pers\u00f6nlicher Einschulung ben\u00fctzt werden. Zur Vorbereitung auf den Test und die Einschulung gibt es Einschulungsvideos! Zum Test kommen Sie hier [x]. Die Einschulungstermine finden Sie hier [x]. Die Einschulungsvideos finden Sie hier [x].","og_url":"https:\/\/iam.tugraz.at\/main-website\/onlinetest-lasercutter\/","og_site_name":"IAM Webseite","article_publisher":"https:\/\/www.instagram.com\/iam_tugraz\/","article_modified_time":"2023-11-08T16:28:30+00:00","twitter_card":"summary_large_image","schema":{"@context":"https:\/\/schema.org","@graph":[{"@type":"WebPage","@id":"https:\/\/iam.tugraz.at\/main-website\/onlinetest-lasercutter\/","url":"https:\/\/iam.tugraz.at\/main-website\/onlinetest-lasercutter\/","name":"OnlineTEST Lasercutter - IAM Webseite","isPartOf":{"@id":"https:\/\/iam.tugraz.at\/main-website\/#website"},"datePublished":"2023-11-08T16:13:29+00:00","dateModified":"2023-11-08T16:28:30+00:00","breadcrumb":{"@id":"https:\/\/iam.tugraz.at\/main-website\/onlinetest-lasercutter\/#breadcrumb"},"inLanguage":"de","potentialAction":[{"@type":"ReadAction","target":["https:\/\/iam.tugraz.at\/main-website\/onlinetest-lasercutter\/"]}]},{"@type":"BreadcrumbList","@id":"https:\/\/iam.tugraz.at\/main-website\/onlinetest-lasercutter\/#breadcrumb","itemListElement":[{"@type":"ListItem","position":1,"name":"Home","item":"https:\/\/iam.tugraz.at\/main-website\/"},{"@type":"ListItem","position":2,"name":"OnlineTEST Lasercutter"}]},{"@type":"WebSite","@id":"https:\/\/iam.tugraz.at\/main-website\/#website","url":"https:\/\/iam.tugraz.at\/main-website\/","name":"IAM Webseite","description":"Website des TU Graz Instituts f\u00fcr Architektur und Medien","publisher":{"@id":"https:\/\/iam.tugraz.at\/main-website\/#organization"},"potentialAction":[{"@type":"SearchAction","target":{"@type":"EntryPoint","urlTemplate":"https:\/\/iam.tugraz.at\/main-website\/?s={search_term_string}"},"query-input":{"@type":"PropertyValueSpecification","valueRequired":true,"valueName":"search_term_string"}}],"inLanguage":"de"},{"@type":"Organization","@id":"https:\/\/iam.tugraz.at\/main-website\/#organization","name":"Graz University of Technology, Institute of Architecture and Media","url":"https:\/\/iam.tugraz.at\/main-website\/","logo":{"@type":"ImageObject","inLanguage":"de","@id":"https:\/\/iam.tugraz.at\/main-website\/#\/schema\/logo\/image\/","url":"https:\/\/iam.tugraz.at\/main-website\/wp-content\/uploads\/2026\/03\/IAM-Logo.png","contentUrl":"https:\/\/iam.tugraz.at\/main-website\/wp-content\/uploads\/2026\/03\/IAM-Logo.png","width":2484,"height":2484,"caption":"Graz University of Technology, Institute of Architecture and Media"},"image":{"@id":"https:\/\/iam.tugraz.at\/main-website\/#\/schema\/logo\/image\/"},"sameAs":["https:\/\/www.instagram.com\/iam_tugraz\/"]}]}},"_links":{"self":[{"href":"https:\/\/iam.tugraz.at\/main-website\/wp-json\/wp\/v2\/pages\/6141","targetHints":{"allow":["GET"]}}],"collection":[{"href":"https:\/\/iam.tugraz.at\/main-website\/wp-json\/wp\/v2\/pages"}],"about":[{"href":"https:\/\/iam.tugraz.at\/main-website\/wp-json\/wp\/v2\/types\/page"}],"author":[{"embeddable":true,"href":"https:\/\/iam.tugraz.at\/main-website\/wp-json\/wp\/v2\/users\/2"}],"replies":[{"embeddable":true,"href":"https:\/\/iam.tugraz.at\/main-website\/wp-json\/wp\/v2\/comments?post=6141"}],"version-history":[{"count":8,"href":"https:\/\/iam.tugraz.at\/main-website\/wp-json\/wp\/v2\/pages\/6141\/revisions"}],"predecessor-version":[{"id":6160,"href":"https:\/\/iam.tugraz.at\/main-website\/wp-json\/wp\/v2\/pages\/6141\/revisions\/6160"}],"wp:attachment":[{"href":"https:\/\/iam.tugraz.at\/main-website\/wp-json\/wp\/v2\/media?parent=6141"}],"curies":[{"name":"wp","href":"https:\/\/api.w.org\/{rel}","templated":true}]}}